*2 + 4*v + 7. Is k(10) a prime number?
True
Suppose -169 = -4*n + 79. Suppose n = -0*l + 2*l. Is l composite?
False
Let v be (-18)/99 - (-4)/22. Suppose v = -6*u + 3*u + 339. Is u prime?
True
Let t be 5 - (3 - 2/1). Suppose -21 = -o + t*o. Let a(x) = -x**2 - 10*x - 10. Is a(o) prime?
True
Let h(s) = -9*s**2 + 3*s - 1. Let y(p) = -8*p**2 + 2*p - 1. Let z(n) = 3*h(n) - 4*y(n). Let j be z(-1). Let b = 12 - j. Is b a prime number?
True
Is 1/((-6)/(-38))*15 composite?
True
Suppose -8*k = -13*k + 1115. Is k a prime number?
True
Let o(u) be the first derivative of u**4/4 - 13*u**3/3 - 9*u**2/2 + 7*u - 2. Is o(14) a prime number?
False
Let l(q) = -14*q**2 + 10*q + 6. Let f(p) = -3*p**2 + 2*p + 1. Let m(s) = 11*f(s) - 2*l(s). Let g be m(1). Is 1/g + 378/8 a prime number?
True
Let p = -274 - -465. Suppose -p = -4*y + 3*r, -r = -1 + 2. Is y a prime number?
True
Suppose -4*n + 5*q - 1140 = 0, 9*n - 4*q = 4*n - 1425. Let k = n + 548. Is k composite?
False
Let u = -1 + 5. Suppose -t = -1 - 2. Suppose -5*c + f + 25 = 0, -u*c + f + 34 = t*f. Is c a prime number?
False
Suppose 2*y + 5*y - 56 = 0. Let x(w) = -w**3 + 14*w**2 + 2*w + 19. Is x(y) a prime number?
True
Let r = -136 + -101. Is r/(-3) - 0/(-2) prime?
True
Let u = -2 + 5. Let j(d) = 2*d**3 + d**2 - 4*d + 2. Is j(u) composite?
False
Let t(v) = v + 2. Let h = 5 - 3. Let y be t(h). Is y/(-10) + 48/20 a composite number?
False
Suppose 4*r - 4964 = -1280. Suppose r = 5*x - 1104. Suppose -463 = -3*n + 5*s, -3*n - 5*s = -x - 98. Is n a prime number?
False
Suppose 0 = -2*l - 5*h + 639, -145 = 2*l - 2*h - 749. Is l a prime number?
True
Is (-1589)/(-2)*2 + -4 a composite number?
True
Let x(p) be the third derivative of -2*p**2 + 0 - 5/12*p**4 + 0*p + 1/3*p**3. Is x(-2) prime?
False
Let k(j) = j**3 - 7*j**2 + 4*j - 9. Suppose -2*c - 3*g + 3 = 0, c = 4*c - 2*g - 37. Let h be k(c). Let z = h - 110. Is z a composite number?
False
Let j(o) be the third derivative of 7*o**6/20 - o**5/60 - o**4/12 + o**3/6 + 2*o**2. Is j(2) a prime number?
False
Let u(d) = d**3 - 5*d**2 + 6*d + 2. Let r be u(5). Suppose 0 = 4*p - 0*p - 2*i - 36, -i = -4*p + r. Is p prime?
True
Suppose -10570 = 5*p - 3765. Is p/4*(-3 + -1) a prime number?
True
Let p(l) = -l**2 + 22*l - 8. Is p(15) a composite number?
False
Let x be 0/(2 + (-2 - -1)). Suppose x = 3*b - 5*b - 10. Let c(w) = w**2 + 5*w + 6. Is c(b) composite?
True
Let y(j) = -22*j + 3. Suppose -5 = 4*l + 15. Let a be y(l). Suppose -n + 2*r = -3*r - a, 0 = -3*n - r + 403. Is n a composite number?
True
Let w = -10 + 14. Suppose l + 0 - 53 = 2*y, -w*l - 5*y + 225 = 0. Is l a prime number?
False
Let t be (-8)/(-28) - (-876)/21. Suppose d + t - 191 = 0. Is d prime?
True
Let w(y) = 974*y**2 + y. Let z be w(1). Suppose -5*d = 2*l - d - 402, 4*d - z = -5*l. Is l composite?
False
Suppose -2*z = 3*z - 10. Suppose -f + 2 = -z. Let h(j) = -j**3 + 4*j**2 + 4*j + 3. Is h(f) a composite number?
False
Is (-1)/(-1*3/246) a prime number?
False
Let a(m) = -12*m**2 - 3*m - 7. Let t(g) = 4*g**2 + g + 2. Let h(c) = 2*a(c) + 7*t(c). Is h(3) composite?
True
Suppose 2*k - k - 652 = -5*m, 0 = m - 4*k - 143. Is m a composite number?
False
Suppose 5*o = 4*o + 2*i + 201, 3*o + i = 603. Is o a composite number?
True
Suppose 58*g + 34436 = 62*g. Is g prime?
True
Let s = 8316 + -5111. Is s a prime number?
False
Let j(l) = l - 15. Let r be j(12). Let f = 18 + r. Is (110/f)/((-2)/(-3)) composite?
False
Let y(i) = -4*i**3 - 7*i**2 - 7*i + 1. Is y(-6) a composite number?
True
Let m = -17 - -46. Suppose b + m = 4*w + 11, 3*w - 3*b - 9 = 0. Let o = w + -3. Is o a composite number?
False
Let o = 27 - 15. Let j be ((-56)/(-42))/((-2)/(-3)). Suppose j*p - o = -0*p. Is p composite?
True
Let j(g) be the first derivative of -53*g**4/4 - 3. Is j(-1) a composite number?
False
Let y(c) = c**3 + 4*c**2 + 3*c. Let s be y(-11). Let z = 1329 + s. Is z a composite number?
False
Let l = -797 + 1782. Is l prime?
False
Let f be 2 + (-8)/4 + 2. Suppose -3*h = -4*h + 3*u + 80, 0 = f*h + 5*u - 105. Is h a prime number?
False
Let o = -1459 + 2177. Let f = o + -503. Is f composite?
True
Let d be (-1 + -1)/((-8)/(-424)). Is 0 + d*(2 - 3) composite?
True
Suppose 4*z = 31 + 1. Is (-3)/z*2*-124 prime?
False
Let g = -2 + 4. Is g/(2 + 0)*19 a composite number?
False
Let u = -41 + 29. Is -5*4*u/16 composite?
True
Is 724 + (-9)/(-6)*-2 composite?
True
Let l(d) = d**2 - 11*d + 11. Let m be 18/(-30) + 68/5. Is l(m) a composite number?
False
Let y(j) = 8*j**2 + 2*j + 5. Let h(m) = -m**2 + m - 1. Let s(n) = 4*h(n) + y(n). Let x = 9 + -16. Is s(x) a composite number?
True
Suppose 4*r + 0 = o + 8, 2*o - 3*r = -6. Suppose o = 3*p - 70 + 7. Is p a prime number?
False
Let v(i) = 203*i**3 + 2*i**2 - 2. Is v(1) composite?
True
Let w be 34 + -3 + 5 + -4. Suppose 5*v + 0*a - 103 = a, -5*a = -2*v + w. Is v composite?
True
Let j(k) = 4*k**2 - 41*k + 38. Is j(25) prime?
False
Let i = 550 - 243. Is i composite?
False
Let d(h) = -h. Let b be d(-2). Suppose 0 = -5*o + 2*i - 20, -b*i = o + 3*i - 23. Is o + 1/1 - -128 prime?
True
Let f = -511 + 802. Is f prime?
False
Let u(z) = -z + 2*z + z + 4*z + 13 + z**2. Is u(-12) composite?
True
Is (-9)/((-108)/8) + (-343)/(-3) composite?
True
Let u(y) = -y**3 - 6*y**2 - 5*y + 4. Let f be u(-5). Let l = f - 2. Suppose 0 = -l*g + g + o + 11, g - 9 = 2*o. Is g composite?
False
Is 3 - (5 - (519 + 0)) a composite number?
True
Is (-2)/13 - (-150619)/91 a composite number?
True
Suppose i + 3*i + 107 = w, 5*w - 459 = i. Let c = w + 39. Suppose 10 = 4*p - c. Is p a composite number?
True
Let d be 4 + -6 + 1*64. Let h = d - 36. Is h composite?
True
Let b = 623 - -63. Suppose -2*a + 0*a + b = 0. Suppose 0 = 5*r - a - 72. Is r a prime number?
True
Let c(s) = 8*s**2 - 5*s - 4. Is c(6) a composite number?
True
Is -1452*4/(-6) - 1 a prime number?
True
Let t be 5*(0/(-2) + 1). Suppose -t*o = 2*i - 3*i - 14, -3*i = -o. Is (-2 - -59)/(-2 + o) a composite number?
True
Suppose -48 = -8*k + 120. Is k composite?
True
Suppose 0 = 4*q - 4948 - 3808. Is q a composite number?
True
Let x be ((-12)/10)/((-3)/(-20)). Is (-4 + 12)*(-46)/x a composite number?
True
Let z(s) = -86*s + 9. Is z(-4) a composite number?
False
Let z = -38 + 56. Suppose 4*x - 14 = v, -6*x + z = v - 2*x. Suppose 5*f = -4*b + 20, f = -5*b + v*f + 54. Is b composite?
True
Let a be (-24)/14 + (-4)/14. Let r be (-4)/((-1 - 1)/(-1)). Is (-73)/a + (-1)/r composite?
False
Suppose -3*l + 8*a = 4*a - 779, 5*l + 3*a - 1279 = 0. Is l a composite number?
False
Let o be (-38)/4 + 2/4. Let p(f) = f**2 - 4*f - 8. Is p(o) prime?
True
Let n(f) = -21*f - 10. Is n(-9) a composite number?
False
Suppose -2*g = g - 633. Is g a composite number?
False
Let l(q) = 13*q**2 - 3*q - 1. Let v be l(-2). Suppose 0 = -t + v - 7. Suppose 4*z = y + 31, -5*z + y + t = -4*y. Is z a prime number?
True
Suppose -2*g = -100 - 90. Suppose -g = -3*i + 2*i. Is i prime?
False
Suppose x = 7*x - 5430. Is x a composite number?
True
Suppose -4*z = -2*z - 1348. Let k = -460 + z. Is k prime?
False
Let t(c) = -c**2 - 40*c + 20. Is t(-17) a prime number?
False
Let f = -7 + 42. Is f composite?
True
Let m(v) = 13*v**2 - 14*v - 16. Is m(11) prime?
False
Let y(w) = -12*w**3 - w**2 + 4*w + 1. Let z(x) = x**2 - x. Let c(b) = y(b) + 3*z(b). Is c(-2) a prime number?
True
Suppose x - 3*m - 117 = 0, -533 - 12 = -5*x - 5*m. Is x a composite number?
True
Let a be -1*6/2*-1. Suppose -a*p + 3*o + 30 = 0, -3*p + 36 = 3*o - 0*o. Is p composite?
False
Suppose 11*f + 2409 = 14*f. Is f a prime number?
False
Suppose 3215 = s - 2792. Is s prime?
True
Let t(m) = m**3 - 9*m**2 - 14*m + 12. Let i be (-5 + 7)/(2/9). Let x be t(i). Let y = x - -163. Is y composite?
True
Let d(o) = 1138*o**3 - o**2 + 2*o - 2. Is d(1) a composite number?
True
Suppose 4*w - d - 1992 = 0, 4*w - 4*d - 982 = 2*w. Is w a prime number?
True
Suppose -2*z = z - 3*d - 6, 3*z + 4 = d. Let j = z + 5. Is -1 - j*(-22)/4 a composite number?
True
Let j = -3294 + 4853. Is j prime?
True
Suppose -3*a = 2*u + 39, 0 = 2*u + a + 3*a + 42. Let l = 16 - u. Is l composite?
False
Let s = 6 + -2. Suppose s = -5*z + 14. Is z a prime number?
True
Let o = -203 + 322. Is o a prime number?
False
Suppose 3*g - 7*g = 3*b - 738, 0 = 3*g - b - 547. Is g composite?
True
Let z(y) = 21*y**2 + 2*y + 2. Is z(4) a composit